he highest common divisor of r and 660.
60
Let a = 16 - 9. Suppose -3*r = -a*r. Suppose r = 2*s + 2*s - 36. Calculate the greatest common divisor of 63 and s.
9
Suppose 2132 = 3*k + 5*o, -2*k + 7*k + 2*o = 3566. What is the highest common factor of 42 and k?
42
Suppose 2*a + 4*o = -444, 0*a - 672 = 3*a + 3*o. Let d = -138 - a. What is the highest common factor of d and 11?
11
Let u(h) = -27*h - 5. Let c be u(-7). Suppose 5*j - 3*z + 120 = 1006, -c = -j + 4*z. Calculate the highest common factor of 22 and j.
22
Let t(q) = q + 16. Let h be t(0). Let v = h - 16. Let a(w) = -w**3 - 2*w + 12. Let i be a(v). Calculate the greatest common divisor of i and 8.
4
Suppose -4*t + 25 = -11. Calculate the greatest common divisor of t and 45.
9
Suppose 0 = -2*z - 5*l + 4, -z + 5*l + 20 = 3*l. Let c = z - 27. Let d = c + 22. Calculate the greatest common factor of 21 and d.
7
Suppose -58 + 18 = -c. Let j = c + -39. Calculate the greatest common divisor of j and 5.
1
Let g(r) = 2*r - 23. Let v = -2 + 17. Let k be g(v). What is the highest common factor of k and 1?
1
Let z(q) = q + 9. Let k be z(-6). Let u be (-15)/5 - 4/(4/(-3)). Suppose 2*m + 2*v - 7 = 9, u = -4*m + v + 37. What is the greatest common divisor of m and k?
3
Let t = 1 - 1. Let l be 2 + (-11 - -3) - t. Let q be -3*l/9 - -134. What is the highest common divisor of q and 17?
17
Let d(n) = n**2 + n - 1. Let v be (-1 - (-6)/4)/(32/(-192)). Let h be d(v). What is the greatest common divisor of 15 and h?
5
Let f be -1*(5 - 376) + 4/(-2). Calculate the highest common factor of f and 41.
41
Suppose -y - 5*w + 8 = -25, w = -1. What is the greatest common divisor of 57 and y?
19
Let m = -1435 - -2296. Calculate the greatest common divisor of m and 21.
21
Suppose -44*h + 35*h = -54. Let a be (3/2)/(1/(-6)). Let c be (h/a)/(2/(-3)). What is the highest common factor of 1 and c?
1
Let k(b) = 3 + b**2 + 4 + 8*b - 3 + 1. Let g be k(-8). Let f be 2/(-10) - (-51)/g. Calculate the greatest common factor of f and 2.
2
Suppose -i = 3*g, -5*i + 0*i + 28 = g. Let j = i + 14. What is the highest common factor of 140 and j?
20
Let y be (-4 - -2)*62/(-4). Suppose y = 3*p - 29. Calculate the highest common factor of p and 30.
10
Suppose 55 = 4*f - 29. Let g = 2 + f. Suppose -5*j + 3*x + g = 0, 3 = -j - 3*x + 4. Calculate the greatest common divisor of j and 28.
4
Suppose 0 = 3*g - 5*g + 20. Let k = -78 + 119. Let s = 121 - k. What is the highest common factor of g and s?
10
Suppose 8691 - 23381 = -26*p. Calculate the highest common divisor of 5 and p.
5
Suppose -w - 32 = -3*w. Suppose 0 = -l + 7*l. Let m = 112 + l. What is the greatest common factor of m and w?
16
Let b be ((-6)/(-4))/((-12)/(-32)). Let u be ((-6)/b)/((-9)/564). Let f = 134 - u. What is the greatest common factor of f and 16?
8
Let i = 407 + -272. Let k(w) = 13*w + 2. Let u be k(1). Calculate the highest common factor of u and i.
15
Suppose 4*w = -2*s + 4*s, 0 = 4*s - 4*w + 12. Let h be (-3)/(-2)*(16 + s). Suppose 11*a - 29 = 37. What is the greatest common divisor of a and h?
3
Suppose -3*k = 5*b - 812, k = -5*b + 7*b + 256. What is the highest common factor of 33 and k?
33
Suppose 4*j = 9*j - 320. Calculate the highest common divisor of j and 256.
64
Suppose 4*k - 23 = 25. Suppose 0*j = -u + j + k, -5*j = 3*u - 52. Suppose -2*g + 3 = 1, -627 = -5*w + 3*g. What is the highest common divisor of w and u?
14
Let b be 0*2/4*2. Suppose b = 4*w + 5*s - 268, -3*w - 4*s + 200 = -0*s. Suppose -8*j + 4*j + w = 0. What is the highest common divisor of j and 45?
9
Let f be 6/27 + (-4)/18. Suppose -2*r = 3*q + 11, f = r - 2*q - 5 - 7. Let l = r - 0. Calculate the highest common divisor of l and 10.
2
Suppose -33 = 2*x - 99. Suppose 2*z = 5*z - 33. What is the greatest common divisor of x and z?
11
Suppose 5*u - 12 = 3. Suppose 0 = -f + u*f. Let a be 3 + -1*(f + 1). Calculate the highest common divisor of a and 4.
2
Let g = 262 + -42. Suppose 4*u - 5*b - 1 = 0, 2*b = -5*u + 4*u + 10. Let d = u - -16. What is the greatest common factor of d and g?
20
Let g be (-1 - 6/(-4))*(-66)/(-11). Suppose g*p - 7*p - 2*x = -1054, -p = 4*x - 260. What is the highest common factor of 24 and p?
24
Suppose 0*w = -5*w - 10. Let o be (4/w)/(5/(-110)). Let s be (2 + 8/(-5))*10. What is the greatest common divisor of o and s?
4
Let n be (-4)/10 + (-6874)/(-35) + -16. Calculate the greatest common divisor of n and 18.
18
Let w(r) = 7*r**2 - 22*r - 65. Let x be w(-7). Calculate the greatest common factor of x and 64.
16
Let y(u) = 6*u**2 - u - 17. Let q be y(-3). What is the highest common factor of 1280 and q?
40
Let f be (32 + -29)*(-2158)/(-6). What is the greatest common divisor of 83 and f?
83
Suppose -2*r + 10 = 0, -i + 4*r = 3*i - 16. Suppose 252 = 2*d - 72. Let o be (-1 - 1)*d/(-4). Calculate the greatest common divisor of o and i.
9
Let h(y) = -y**3 + 12*y**2 + 16*y - 25. Let w = 54 - 41. Let o be h(w). Calculate the greatest common divisor of o and 98.
14
Let a(n) = n**3 - 7*n**2 + 20. Let w(m) = m**2 + 3*m - 3. Let s be w(2). Let r be a(s). Calculate the greatest common factor of 4 and r.
4
Let q(v) = -6 + 3 - 5*v + v. Suppose 2*f + 0*t + t + 21 = 0, 0 = 3*f - 4*t + 48. Let d be q(f). What is the highest common factor of d and 15?
15
Let d be (2 + (-14)/4)*-2. Suppose -c = -d*c + 6. Suppose z = 2*z + 5*j + 7, 0 = -c*j - 9. Calculate the highest common divisor of z and 8.
8
Let l be (-72)/(-16) + (-1)/2. Calculate the greatest common factor of l and 22.
2
Suppose 0 = 4*m - 3*m, 0 = 5*z + 3*m - 20. Let b be (-7)/(14/z) - -23. Suppose 41 = 4*w - 127. What is the greatest common factor of w and b?
21
Suppose 0*u + 52 = k + 2*u, 0 = 5*k - u - 238. Suppose 2*i - 7 = i. Suppose 0 = -3*q, -5*n + 3*q + 37 - i = 0. Calculate the greatest common divisor of k and n.
6
Let x = 659 - 362. Calculate the greatest common divisor of x and 22.
11
Let w = 713 + -488. Calculate the greatest common factor of 50 and w.
25
Suppose -3 - 8 = -a. Suppose -898 = -2*t - 136. Suppose 16*m = t - 29. What is the highest common factor of m and a?
11
Let c = 350 + -150. Suppose -4*r + c = 2*b, -2*b - 200 = -4*r + 3*b. What is the highest common divisor of 25 and r?
25
Let r be (((-336)/9)/(-4))/((-2)/(-147)). Suppose -11*q = -260 - r. What is the highest common factor of q and 43?
43
Let z be ((-18)/(-5) - 4)/(1/(-15)). Suppose z*t = -51 + 135. What is the highest common divisor of t and 56?
14
Let o be 3900/54 - 22/99. What is the greatest common factor of o and 18?
18
Let k = -182 + 232. Calculate the greatest common divisor of 150 and k.
50
Let a(t) = -8*t + 5. Let x be a(-10). Suppose 2 + 66 = 2*n. Calculate the highest common divisor of x and n.
17
Suppose 165 = 38*s - 139. Calculate the highest common divisor of s and 100.
4
Suppose 0*n = -12*n + 636. Calculate the greatest common factor of 212 and n.
53
Let l be (-14)/(-35) + (-114)/(-15). Suppose 0*g - 2*g + l = 4*d, 0 = 5*g + 4*d - 44. What is the highest common divisor of 3 and g?
3
Suppose 0 = j + u - 65, -89 = -3*j + 2*u + 106. Calculate the greatest common factor of 104 and j.
13
Let l(h) = 3*h + 7. Let p be l(7). Suppose -5*n + p = 3*o - o, 0 = o + 2*n - 16. Suppose -c - 2*c + o = 0. Calculate the highest common divisor of c and 4.
4
Suppose -17*t = -4900 + 701. Calculate the highest common factor of t and 38.
19
Suppose -31 - 29 = -v. Let c be 123/5 - 3/5. What is the greatest common factor of v and c?
12
Let v(n) = -2*n + 156. Let u be v(0). What is the greatest common divisor of u and 39?
39
Suppose 0 = 17*b - 47 - 293. What is the highest common divisor of 85 and b?
5
Suppose -8*u + 553 + 567 = 0. Calculate the highest common divisor of 175 and u.
35
Suppose -5*g + 5*f + 215 = -0*f, g = -4*f + 58. Let q = 54 - g. Calculate the greatest common factor of 24 and q.
8
Let p = 2955 + -589. Calculate the highest common divisor of 13 and p.
13
Suppose 4*a + a - 5*s = 1430, -4*a + 2*s + 1146 = 0. Calculate the greatest common divisor of a and 123.
41
Let f = 8 + -6. Suppose f*v = -2*o + 100, -5*o + 133 + 77 = -3*v. Calculate the highest common factor of o and 360.
45
Let n(s) = s**3 - 4*s**2 - 6*s + 5. Let o be n(5). Let f be 0 - 0 - o/3. Let l be 285/6*(f + 2). What is the highest common factor of 38 and l?
19
Suppose -28*f = -25*f - 126. Let v =